6723
2202121 (base 4) to base 11
7899
What is 13264 (base 7) in base 2?
110111110110
What is -950 (base 14) in base 12?
-108a
-c1 (base 16) to base 8
-301
What is 4907 (base 11) in base 13?
2bcb
What is -2894 (base 12) in base 4?
-1021300
Convert -357 (base 9) to base 4.
-10213
Convert -505020 (base 6) to base 11.
-28039
Convert -1110100 (base 3) to base 5.
-13222
Convert 2046 (base 13) to base 4.
1011210
200022000 (base 3) to base 13
60c0
Convert 9303 (base 12) to base 4.
3321303
What is 1413 (base 16) in base 10?
5139
Convert 1101010010001110 (base 2) to base 8.
152216
What is 1022201 (base 3) in base 16?
3c4
What is 1a33 (base 11) in base 2?
101000010001
What is -612 (base 7) in base 14?
-179
What is c32 (base 14) in base 16?
95c
15db (base 15) to base 9
6408
What is -1d3d (base 15) in base 5?
-200413
Convert -10c (base 15) to base 13.
-153
Convert -1d3 (base 16) to base 7.
-1235
968c (base 15) to base 16
7c71
What is -1d9 (base 15) in base 4?
-12231
Convert -141 (base 5) to base 10.
-46
What is 31022 (base 4) in base 9?
1135
What is 3021230 (base 4) in base 7?
52430
3b6 (base 16) to base 6
4222
150020 (base 6) to base 3
201120110
What is 211021 (base 3) in base 16?
259
-3400134 (base 5) to base 3
-10000111201
What is -120533 (base 7) in base 4?
-11111312
What is 12010202 (base 3) in base 4?
322202
-1556 (base 8) to base 14
-46a
Convert 555 (base 7) to base 11.
23a
What is -14013 (base 6) in base 13?
-cab
Convert 3a4 (base 15) to base 8.
1475
576 (base 16) to base 3
1220210
Convert 103223 (base 7) to base 5.
1033301
What is -2797 (base 14) in base 12?
-4069
What is 1a8 (base 12) in base 13?
17c
Convert -2211211 (base 3) to base 11.
-1616
Convert -c88 (base 16) to base 13.
-15ca
What is 23226 (base 9) in base 11?
10707
What is 4861 (base 10) in base 8?
11375
Convert 142313 (base 5) to base 9.
8150
Convert 49 (base 14) to base 3.
2102
Convert -200103 (base 4) to base 5.
-31232
Convert -3f63 (base 16) to base 13.
-7503
-6403 (base 10) to base 3
-22210011
Convert -b1ca (base 14) to base 4.
-13131132
-4564 (base 13) to base 2
-10010111110011
Convert -a (base 16) to base 7.
-13
What is 556 (base 10) in base 5?
4211
What is 2da (base 14) in base 12?
408
Convert -6c3b (base 14) to base 12.
-ab05
-364c (base 14) to base 8
-22404
Convert -14005 (base 7) to base 13.
-1948
What is -22020 (base 3) in base 11?
-192
What is -1605 (base 7) in base 16?
-282
What is 2703 (base 9) in base 16?
7ec
What is -4680 (base 10) in base 15?
-15c0
-5a27 (base 16) to base 2
-101101000100111
Convert -207 (base 9) to base 14.
-c1
What is -26716 (base 13) in base 5?
-4242011
9a89 (base 12) to base 3
212110020
What is 11111001 (base 2) in base 9?
306
Convert -354114 (base 6) to base 3.
-1120010201
-26213 (base 8) to base 13
-5262
Convert -539a (base 14) to base 10.
-14444
What is 9532 (base 10) in base 8?
22474
623 (base 12) to base 2
1101111011
Convert -27d0 (base 15) to base 2.
-10000101001000
-118c3 (base 13) to base 10
-32269
3115 (base 10) to base 7
12040
What is -60 (base 10) in base 12?
-50
-14ae (base 15) to base 10
-4439
What is 122045 (base 7) in base 6?
251212
What is 8b1b (base 13) in base 2?
100110000000011
What is -1213 (base 8) in base 11?
-542
What is 623 (base 14) in base 9?
1581
-721 (base 15) to base 13
-967
-241031 (base 6) to base 14
-78dd
What is -14b (base 16) in base 2?
-101001011
What is 14672 (base 8) in base 9?
10027
Convert 3d (base 16) to base 6.
141
3310 (base 6) to base 5
11022
Convert -aaa (base 11) to base 15.
-5da
2313 (base 7) to base 5
11333
Convert -18a (base 16) to base 9.
-477
Convert -2014 (base 5) to base 4.
-10003
Convert 114 (base 8) to base 16.
4c
Convert 100000101110 (base 2) to base 15.
949
What is -580 (base 11) in base 10?
-693
1a26 (base 11) to base 3
10112011
Convert -1342 (base 8) to base 6.
-3230
Convert 212a3 (base 11) to base 14.
b400
-2517 (base 12) to base 10
-4195
Convert -102132 (base 4) to base 14.
-606
Convert -120200220 (base 3) to base 13.
-5295
What is 1002 (base 3) in base 6?
45
Convert -11124 (base 5) to base 2.
-1100010101
Convert 2870 (base 10) to base 14.
1090
Convert 142344 (base 5) to base 4.
1131112
What is 292 (base 11) in base 13?
205
Convert 11533 (base 6) to base 10.
1713
2712 (base 8) to base 4
113022
Convert -5968 (base 10) to base 5.
-142333
Convert 5ba0 (base 12) to base 15.
30e9
Convert -2935 (base 14) to base 4.
-1302003
What is -11022101212 (base 3) in base 4?
-110231321
4642 (base 7) to base 3
2022211
Convert 624 (base 8) to base 15.
1be
Convert -470 (base 16) to base 9.
-1502
7602 (base 13) to base 7
65541
1102443 (base 5) to base 16
4ab3
Convert 35515 (base 6) to base 11.
3970
Convert 3 (base 10) to base 9.
3
-12693 (base 12) to base 4
-12021033
Convert 101001010 (base 2) to base 5.
2310
Convert 4a3 (base 11) to base 7.
1512
101001100000 (base 2) to base 3
10122101
740 (base 12) to base 13
633
What is 22524 (base 8) in base 15?
2c71
-110000000 (base 2) to base 9
-466
-1893 (base 10) to base 15
-863
-11512 (base 14) to base 4
-22102230
-6315 (base 14) to base 10
-17071
Convert -556 (base 9) to base 11.
-385
Convert 1100001110 (base 2) to base 12.
552
Convert -3725 (base 13) to base 9.
-11632
-1af (base 16) to base 5
-3211
Convert -25168 (base 9) to base 4.
-10020032
Convert 1000122 (base 3) to base 7.
2114
-3431 (base 16) to base 4
-3100301
Convert 18745 (base 9) to base 13.
5bc1
What is 133320 (base 5) in base 15?
1940
Convert 113 (base 5) to base 8.
41
What is 2112222 (base 4) in base 8?
22652
Convert -b6c (base 14) to base 6.
-14232
-273 (base 8) to base 3
-20221
622b (base 13) to base 16
34f5
-2a4 (base 16) to base 4
-22210
What is -11021 (base 8) in base 11?
-3525
-32 (base 14) to base 16
-2c
-1730 (base 15) to base 9
-6760
What is -205414 (base 7) in base 13?
-13237
374 (base 8) to base 14
140
Convert -4092 (base 10) to base 16.
-ffc
-110100 (base 2) to base 3
-1221
-21 (base 10) to base 14
-17
2776 (base 9) to base 2
100000101110
-314 (base 6) to base 16
-76
What is -10547 (base 13) in base 7?
-151622
375 (base 10) to base 8
567
Convert -163714 (base 8) to base 3.
-10000101210
Convert 12220211 (base 3) to base 13.
1c6c
What is -481 (base 11) in base 16?
-23d
Convert -1010011110 (base 2) to base 4.
-22132
Convert -1e49 (base 15) to base 14.
-2590
Convert -1db5 (base 16) to base 2.
-1110110110101
Convert 20312 (base 6) to base 8.
5224
4a (base 16) to base 6
202
-25e (base 15) to base 16
-21b
-11111110110 (base 2) to base 5
-31123
Convert 11110020 (base 3) to base 4.
302232
Convert -22211012 (base 3) to base 8.
-14437
What is -834 (base 12) in base 5?
-14232
148b5 (base 12) to base 7
150236
What is 3e69 (base 16) in base 15?
4b02
Convert -38a (base 16) to base 10.
-906
84 (base 9) to base 13
5b
-b6da (base 16) to base 15
-dd0a
Convert 24679 (base 10) to base 6.
310131
Convert 46511 (base 9) to base 11.
21352
Convert -6506 (base 8) to base 14.
-134a
10103124 (base 5) to base 2
10011111100000000
What is 12123130 (base 4) in base 10?
26332
77 (base 13) to base 5
343
Convert 305 (base 9) to base 10.
248
-11093 (base 13) to base 8
-74236
2002333 (base 4) to base 14
30ab
1996 (base 12) to base 10
3138
What is -1010101010 (base 2) in base 11?
-570
What is 2418a (base 11) in base 10?
34825
-ba3a (base 14) to base 11
-2220a
45a (base 13) to base 3
1000211
Convert -512 (base 6) to base 16.
-bc
-36 (base 11) to base 3
-1110
What is -125222 (base 6) in base 15?
-363e
What is 296a6 (base 12) in base 8?
161236
What is 22210012 (base 3) in base 8?
14404
What is 953b (base 13) in base 11?
1458a
Convert 1576 (base 8) to base 16.
37e
Convert -366 (base 10) to base 6.
-1410
Convert -243420 (base 5) to base 10.
-9235
What is 20185 (base 14) in base 12?
38789
What is -57260 (base 10) in base 7?
-325640
Convert -194a8 (base 12) to base 14.
-d6a4
a07a (base 14) to base 16
6b9c
2513 (base 6) to base 10
621
What is 9ce0 (base 15) in base 8?
101005
-232 (base 5) to base 8
-103
25242 (base 6) to base 8
7272
Convert 1111111111 (base 2) to base 7.
2661
What is -1339 (base 10) in base 14?
-6b9
Convert 484 (base 15) to base 14.
532
-21222221 (base 3) to base 8
-13306
What is 391 (base 10) in base 16?
187
Convert 22 (base 16) to base 13.
28
What is -2d0 (base 14) in base 15?
-284
6a87 (base 15) to base 16
5863
Wha